(-20)/(-6). Suppose 107 = s + 4*l, -410 = -4*s - 0*l + x*l. What is the remainder when s is divided by 21?
19
Let p be -10 + 4 - -72 - 7. Suppose 3*h - 324 = -3*x, -2*h - 5*x = -160 - p. What is the remainder when h is divided by 20?
7
Let y = 2954 - 2951. Calculate the remainder when 3 is divided by y.
0
Let x = -872 - -877. Suppose -3*y + l + 206 = -21, x*y + 5*l - 385 = 0. Calculate the remainder when y is divided by 17.
8
Let q(s) = -s**3 + 11*s**2 + 10*s + 28. Let v be q(12). Suppose -1512 = -20*z - v*z. What is the remainder when z is divided by 8?
7
Let t = 63 - -36. Suppose -48*h + 45*h + t = 0. Calculate the remainder when 263 is divided by h.
32
What is the remainder when (-1184403)/(-3762)*(0 - -6) is divided by 54?
53
Let m(h) = 5*h**2 + 8*h - 17. Let l(o) = 2*o**2 - o + 2. Let v(u) = 2*l(u) - m(u). Suppose -8 = -3*n - 41. Calculate the remainder when 32 is divided by v(n).
2
Suppose -236*x = -239*x + 660. Suppose x = 5*j - 90. Calculate the remainder when j is divided by 16.
14
Let t(w) = -5*w**2 + 139*w + 16. What is the remainder when 340 is divided by t(27)?
92
Suppose 0 = 102*p - 3993 - 2433. What is the remainder when 299 is divided by p?
47
Let p = 2882 + -2858. What is the remainder when 119 is divided by p?
23
Suppose -251*p + 255*p = 2*r + 498, -5*p + 625 = -2*r. Calculate the remainder when p is divided by 43.
41
Let c = -2750 + 3081. Calculate the remainder when c is divided by 54.
7
Suppose -1075 = -10*l + 2565. Let m = l + -362. Calculate the remainder when 37 is divided by m.
1
Suppose 0 = -q + 6*q - 95. Let x = -41183 - -41334. Calculate the remainder when x is divided by q.
18
Let g(y) = -23*y**3 + y. Let l = -1217 + 1276. What is the remainder when l is divided by g(-1)?
15
Suppose -9*p + 490 + 77 = 0. What is the remainder when 257 is divided by p?
5
Suppose 103504 - 40012 = 22*q. Calculate the remainder when q is divided by 9.
6
Suppose 4*s - 51 = s. Suppose -4*r + 24 = 4*r. Suppose 2*v - r*t - 29 = 0, v + 4*t = 2*t + 4. Calculate the remainder when s is divided by v.
7
Suppose 0 = -361*a + 830537 - 111425. What is the remainder when a is divided by 27?
21
Calculate the remainder when 14 + -30*72/(-54) is divided by 45.
9
Suppose -4*y = -2 - 6. Let z(m) = y*m**2 - 3 - 2*m - m**2 - 2*m**3 - 3*m. Calculate the remainder when 78 is divided by z(-2).
24
Let u = 4840 - 3576. What is the remainder when u is divided by 41?
34
Suppose -4*u - 32 = -0*u + l, -u + 5*l - 29 = 0. Suppose -3*t + 76 = -20. Calculate the remainder when t is divided by ((-102)/u)/(2/3).
15
Suppose -h - 1309 = -5*s, 0 = 4*s + h - 1258 + 218. What is the remainder when 3129 is divided by s?
258
Let z(q) = 3*q - 23. Calculate the remainder when ((-4)/(6 + -10))/(1/23) is divided by z(12).
10
Suppose 28*q + 675 = 23*q. Let n = q + 45. Let k = n - -100. What is the remainder when 49 is divided by k?
9
Suppose -4*c = -4*u + 272, -u - 4*c + 31 = -17. Let a = -5011 - -5778. Calculate the remainder when a is divided by u.
63
Let f(k) = 10*k + 315. Let t be f(0). Suppose -210 = -5*x + 3*x - 3*g, 0 = 3*x - 3*g - t. What is the remainder when x is divided by 40?
25
Let n be (-1 - -2) + (-7 - -7). Suppose -4*s = -n - 39. Calculate the remainder when s is divided by ((-18)/33)/((-1)/11).
4
Suppose -2976 = -16*z + 6912. Let r = 719 - z. What is the remainder when r is divided by 51?
50
Let p = 12241 + -11563. Calculate the remainder when p is divided by 143.
106
Let j(m) = -m**2 - 16*m - 17. Let b be j(-8). Suppose o = 20 + b. Calculate the remainder when o is divided by 34.
33
Suppose -2683 - 6479 = 9*p. Let f = p - -1020. Calculate the remainder when 139 is divided by f.
1
Let t = 96 + -95. Suppose g = 2*w - t + 90, 5*w + 266 = 3*g. What is the remainder when g is divided by 20?
7
Let i(j) = -1421*j**3 - 5*j**2 + 193*j + 387. What is the remainder when i(-2) is divided by 10?
9
Let r(s) = -13*s - 46. Let t(w) = -w**2 - 2*w. Let b(a) = r(a) + t(a). What is the remainder when 12 is divided by b(-9)?
4
Let z = -32380 - -32422. What is the remainder when 1045 is divided by z?
37
Let m(l) = 11*l**2 - 8*l - 11. Let i be m(-8). Suppose 3*z - 40 = -i. Let w = z - -364. What is the remainder when w is divided by 32?
29
Suppose 5436 = -511*l + 8417 + 9283. Suppose -k + 44 + 48 = 0. Calculate the remainder when k is divided by l.
20
Let b = -8134 - -8320. Calculate the remainder when 16737 is divided by b.
183
Suppose 3*u - 199 = -4*w + 155, -129 = -u - 5*w. Calculate the remainder when 1021 is divided by u.
109
What is the remainder when (0 + 18/(-12))/(33/(-17842)) is divided by 73?
8
Let y(u) = -4*u**3 - 6*u**2 + 4*u + 4. Suppose -6*h + 3*h - 4707 = -4*p, 5*h + 4709 = 4*p. Calculate the remainder when y(-5) is divided by (3 + -2)*p/21.
54
Suppose -78*d + 65*d - 182 = 0. Let k = d + 325. Calculate the remainder when k is divided by 53.
46
Suppose 4*b - 15360 = -4*z, 0 = 70*b - 73*b + 3. Calculate the remainder when z is divided by 34.
31
Suppose -5*l = 2*h - 3*h - 671, l - 129 = -5*h. Suppose -4*p = -10 - 66. Suppose -39 = p*w - l. Calculate the remainder when 53 is divided by w.
3
Let p(s) = 5*s**2 + 2*s - 332. Let x be p(0). Let l = x - -416. Calculate the remainder when l is divided by 16.
4
Let q = -3781 - -3827. What is the remainder when 1119 is divided by q?
15
Suppose 0 = 2*n - 2, 0 = h + 4*n + 64 - 1. Let p = 63 + h. Calculate the remainder when (1 + p)/((-4)/280*3) is divided by 8.
6
Suppose 99*m - 821115 = 80379. What is the remainder when m is divided by 66?
64
Let g(z) = 29*z - z**2 - 4 + 32*z + 13 - 24*z. What is the remainder when 36/14*(-56)/(-6) is divided by g(37)?
6
Let x = 1276 + -1192. What is the remainder when 280 is divided by x?
28
Let f = 383 - 348. Suppose 2*w + 59 = 3*w. What is the remainder when w is divided by f/(140/48) - (3 + -3)?
11
Let r be ((-4 - -3)*103)/1. Let y = r - -64. Let d = 57 + y. Calculate the remainder when 88 is divided by d.
16
Let k be (7/3)/(2/6). Suppose s - 18 + k = 0. Calculate the remainder when 9/99 - (-1860)/110 is divided by s.
6
Let z(r) = 4*r**2 - 2*r - 3. Suppose -6*w = -13*w + 21. Calculate the remainder when z(w) is divided by (-4)/((-27)/21 - -1).
13
Let q = 335 + -316. Let x(r) = -11*r + 287. Calculate the remainder when x(16) is divided by q.
16
Let x = -5396 - -6103. Calculate the remainder when x is divided by 89.
84
Let f = 409 + -367. Let u = -10 - -21. What is the remainder when f is divided by u?
9
Suppose -9*g + 16 + 20 = 0. Suppose 277 + 275 = g*q. Suppose 100 + q = 7*y. Calculate the remainder when y is divided by 9.
7
Let y(h) = h**3 + 18*h**2 - 53*h + 300. Calculate the remainder when 199 is divided by y(-21).
19
Suppose -76698 + 24038 = -20*n. Calculate the remainder when n is divided by 155.
153
Let z = 87 + -80. Let f be 0*(2 - (z - 4)). Let h = 21 + f. Calculate the remainder when 41 is divided by h.
20
What is the remainder when 4654 is divided by (-1 - 4 - (-615)/25)*(-25)/(-10)?
48
Let m(k) = -2*k**2 - 47*k - 28. Suppose -16 - 38 = -2*d. What is the remainder when m(-22) is divided by d?
11
Let o(q) = 2*q**3 - 7*q**2 + 5*q - 1. Suppose -l + 2 = -2. Suppose 63*v + 28602 = 517*v. Calculate the remainder when v is divided by o(l).
28
Let q(p) = -p**3 - 17*p**2 - 18*p - 6. Suppose 39*d + d - 1720 = 0. Calculate the remainder when d is divided by q(-16).
17
Let h = -3097 - -3108. What is the remainder when 29 is divided by h?
7
Let o be (8/(-6))/((-8)/12). Suppose j + 2*s - 1 = 4, 0 = o*j + s - 22. What is the remainder when 64 is divided by j?
12
Suppose -10*z - 2089 = -17679. Suppose -2289 + z = -10*q. What is the remainder when 580 is divided by q?
69
What is the remainder when ((-312)/(-14))/((-12)/6762*-23) is divided by 75?
21
What is the remainder when (-130088)/(-4324) + (-16)/188 is divided by (-29)/(-4) - 2/8?
2
Let h(m) = -m**3 - 129*m**2 + 130*m + 28. Let j be (274/4)/((-3)/6). Calculate the remainder when h(-130) is divided by j/(-9) - (-2)/(-9).
13
Suppose -132*r + 134*r - 11 = -5*l, 0 = -r - 7. Suppose 2*p - 23 - 21 = 0. Suppose p = 2*s + 6. Calculate the remainder when s is divided by l.
3
Suppose 368 = 4*f + 60. Calculate the remainder when 12/45*1202430/596 is divided by f.
76
Let m be 6/(-16)*-4 + (-129)/(-2). Suppose m + 78 = 8*k. Calculate the remainder when 70 i